s m(4)?
-4
Let c(a) = -a**2 - 2*a + 4. Let g(t) = -5 - 2 + 3 - 5 - 2*t. Let r be g(-7). Suppose -21 = r*b - 1. What is c(b)?
-4
Let n(d) = 9*d + 7. Let x(k) = 19*k + 14. Let p(q) = -13*n(q) + 6*x(q). Let j = 60 - 38. Let v = j + -27. Calculate p(v).
8
Let h(k) = k**2 - 5*k - 2. Let v be h(6). Let n(x) = -v + 8 - 8*x + x**3 - 4*x**2 + 3. Let q be ((-4)/(-5))/((-9)/(-45)) + 1. Calculate n(q).
-8
Let h(b) be the third derivative of -1/2*b**3 + 0 - 1/12*b**4 - 4*b**2 + 0*b. Let d(g) = -g**3 + 4*g**2 - 5*g + 4. Let o be d(3). Determine h(o).
1
Suppose 0 = -y - y. Suppose y = b - 0*b - 10. Suppose 2*s - b = -4*v, -2*v + 8 = 2*s - 0*v. Let z(u) = u**3 - 4*u**2 + 4*u - 1. Determine z(s).
2
Suppose 5*d - 5*c = -10, 4 + 0 = -3*d + c. Let w(y) = 2*y**3 - 2*y - 1. What is w(d)?
-1
Let h(j) be the third derivative of -j**5/60 - j**4/8 + j**3/3 - 46*j**2. What is h(-5)?
-8
Let x(a) = 10*a - 3. Let u(w) = 3*w - 1. Let b(o) = -8*u(o) + 3*x(o). Calculate b(-2).
-13
Let r(g) = g - 6. Let w be r(6). Let i be ((-9)/3 + w)*-2. Let s(t) = 5 + 3*t**2 + 0 - 2*t**2 - i*t. What is s(6)?
5
Let y(i) = -2*i**2 + 2*i. Let t be 1 - (-2 - -4) - -6. Let j = -3 + t. Determine y(j).
-4
Let t = 115 - 106. Let z(m) = -m**2 + 9*m + 4. Give z(t).
4
Suppose -3*n - 5*f - 20 + 4 = 0, 0 = 2*n - 3*f - 21. Let q(k) = 2*k**2 + 2*k + 1. Let h(r) = r**2 + r. Let p(g) = n*h(g) - 2*q(g). Give p(2).
-8
Let o(k) = -k**3 - 3*k**2 + 8*k + 4. Let f(i) = -i**2 - 9*i - 17. Let l be f(-7). Let n be -1 + 4 - (-24)/l. Determine o(n).
14
Let k(q) be the second derivative of 1/6*q**3 + 0 - q - 1/2*q**2. Give k(-4).
-5
Let i(o) = o + 5. Let m(y) = 2*y**2 - 5*y + 2. Let q(d) = 0 - 3*d + 2*d - 4. Let g be q(-7). Let z be m(g). Determine i(z).
10
Suppose -4*c + 0*a = -4*a - 40, -c - a = 0. Let p(r) = r**2 + 7 + 4*r - 2*r - 7*r. Give p(c).
7
Let v(g) = -g - 2. Let n be v(3). Let p(z) = -z**3 - z**2 - z + 1. Let l(s) = -3*s**3 + s**2 - 5*s - 3. Let w(q) = -l(q) + 4*p(q). Determine w(n).
2
Let c(m) = -m**2 - 7*m. Let w be c(-5). Suppose h + 5 = 2*y, 0 = -4*h - 2 - w. Let f(z) = z**3 - 2*z**2 + 1. What is f(y)?
0
Suppose p = 4 + 11. Let g = p - 11. Let h(i) = -g + 4 - 5 - i. Determine h(-5).
0
Suppose -4*h = h. Let n = h - 1. Let r(m) = 5*m**3 - 1. What is r(n)?
-6
Let y(f) = 7*f. Suppose 2*z - z - 4 = 0. Suppose x - 1 = -o, -5*o + 10 - 4 = z*x. Suppose -o*d + 9 = -b, -b - 5*d = -d - 15. What is y(b)?
-7
Let s be 4 + 2 - (0 + -1). Let f = -1 + s. Let y be (-88)/(-48) + 1/f. Let v(c) = -c. Give v(y).
-2
Let u(k) = -k - 2*k + k**2 - 3*k + 5 + 0*k**2. Let i be (-1)/(-1) - (-8)/2. Calculate u(i).
0
Let x be (1/2)/(1/2). Let f(j) be the first derivative of -j**4 + j - 4. What is f(x)?
-3
Suppose -3*h = 15, -h = 5*l + 3*h + 20. Let g be l + 1 - 5/(-1). Let t = g - 4. Let c(d) = -d**3 + d + 2. Calculate c(t).
-4
Let a(m) be the third derivative of -m**8/20160 + m**7/1680 - m**6/720 - 7*m**5/60 + 3*m**2. Let n(y) be the third derivative of a(y). Calculate n(2).
1
Let o = 8 - 6. Let g(x) = 5*x**o + 5*x**3 - 3*x**3 + 6 - 3*x**3 - x. Let a(f) = f**3 + 3*f**2 - 5*f + 1. Let l be a(-4). Calculate g(l).
1
Let a(n) = n**3 - 4*n**2 + 4. Suppose -26 = -2*t + 3*j - 4*j, -5*t = -5*j - 50. Suppose -2*l = -5*i + 17, 3 = -2*i + 3*l + t. Calculate a(i).
-5
Suppose 5*k = 6*k - 5. Let x(f) be the third derivative of -f**5/120 - f**4/24 + f**3/6 + f**2. Let w(b) be the first derivative of x(b). What is w(k)?
-6
Let p(f) = -4*f - 4. Let l be ((-18)/(-24))/(2/40). Suppose u + 4*u = -l. Calculate p(u).
8
Let f(p) = 3 - 4*p - 51*p**2 - 51*p**2 - p**3 + 107*p**2. Give f(4).
3
Let m = 4 - -8. Suppose 5*y - 13 = -4*c + m, -5*c + 3*y = 15. Let l(a) = a + 1. Let f(o) = -o**3 - o**2 + 5*o + 11. Let g(u) = -f(u) + 5*l(u). Determine g(c).
-6
Suppose 3*g = -0 + 3. Let k(a) = -8*a**2 + 2*a - 1. Give k(g).
-7
Let q(b) be the first derivative of b**5/60 - b**4/8 - 2*b**3/3 + 3*b**2/2 + 1. Let i(z) be the second derivative of q(z). What is i(3)?
-4
Let u(i) = -i**3 + 3*i**2 + 4*i - 3. Let h(a) = -a**2 - 7*a + 2. Let j be h(-7). Suppose -4 + 12 = j*w. Determine u(w).
-3
Suppose k = -2 + 3. Let r(d) = -k + 18*d - 5 - 20*d. Let o be r(-4). Let m(z) = z**3 - 2*z. Calculate m(o).
4
Let x(a) = 58*a**2 + 56*a**2 + 5*a - 115*a**2 - 5. Suppose -4*w = -18 + 2. What is x(w)?
-1
Let k(u) = 10 + u**2 - 26*u + 0*u**2 + 18*u. Give k(7).
3
Suppose -3*p = -5*p. Let v(t) = -t + p*t - 2 - 1 + 2. Calculate v(-5).
4
Let s be (0 - -2) + (-6 - -4). Suppose -9 = -s*q - 3*q. Let l(k) = -k**3 + 4*k**2 - k - 3. Calculate l(q).
3
Let a = 0 - -2. Suppose 0 = -2*i + 5 - 3. Let r(y) = 0 + 1 + i - y**2 - a*y. Give r(-3).
-1
Let x(f) = f**2 + f + 8. Let w(q) = 3*q**2 + 4*q + 23. Let t(d) = 6*w(d) - 17*x(d). Give t(-4).
-10
Suppose -3*k + 5 = d, 0 = -3*k + 3*d - 7 - 8. Let b(n) = -n**2. Let f(m) = -m**2 - m + 5. Let v(o) = 2*b(o) - f(o). Determine v(k).
-5
Let y(z) = z**3 - 3*z**2 - 5. Let b(w) = w**2 - 24*w + 99. Let t be b(19). Give y(t).
11
Let r(w) = -3*w**2 + 2*w - 2. Let i(p) = -p**2 - p - 1. Let b(v) = -2*i(v) + r(v). Let n = 11 + -7. Give b(n).
0
Let j(b) = -b**2 - 4*b. Let w be (2/(-6))/((-3)/36). Let i = w + -5. Let q = i + -2. Determine j(q).
3
Let p be -1 + (0/(-1) - -4). Suppose -2*i + p*i - 3 = 0, 3*d + 12 = 4*i. Let q be 7 - (d/(-3) - -1). Let b(h) = h - 12. Determine b(q).
-6
Let d(x) = -4*x**2 + 2*x - 1. Let c be d(1). Let g be 1/(-3) - c/9. Let u(h) = -5*h**2 + h**3 + 6*h**2 + 3 + 2. Determine u(g).
5
Let z(p) be the third derivative of p**4/6 + 4*p**3/3 + 4*p**2 - 1. Calculate z(-7).
-20
Let x(q) be the first derivative of q**2/2 - 8. Suppose 6*t = 2*t + 16. Let b(g) = 3*g. Let z(i) = t*x(i) - b(i). What is z(-2)?
-2
Suppose 0*s - 2*s + 10 = 0. Suppose s*n - 7 = 8. Let t be 2/n + (-4)/6. Let u(f) = -f**3 + f**2 - f - 1. Determine u(t).
-1
Let a(u) = 4*u + u**2 + 0 + 0. Suppose 0 = -5*i, -4*b + 2*i - 14 - 2 = 0. What is a(b)?
0
Let j(w) = -2*w + 13. Let s(y) = y - 7. Let u(r) = 6*j(r) + 11*s(r). What is u(-4)?
5
Let y(u) = 4*u**3 - 10*u**2 - 3*u - 5. Let o(q) = -5*q**3 + 11*q**2 + 3*q + 6. Suppose 3*b - 4*b + 6 = 0. Let x(v) = b*y(v) + 5*o(v). Give x(-4).
-4
Let p(j) = 72*j + 32. Suppose -4*s = 75 + 53. Let z(v) = -11*v - 5. Let b(q) = s*z(q) - 5*p(q). Give b(1).
-8
Let o(g) = 2*g - 4. Let k be (1/3)/(4/36). Suppose -k*m + 15 = 2*m. Calculate o(m).
2
Suppose 0 = 2*x + 2*x - 12, 2*f = 4*x - 6. Let q(y) be the third derivative of -1/60*y**5 + 0 - 1/2*y**f - 1/6*y**4 + 3*y**2 + 0*y. Determine q(-4).
-3
Let t = 10 + -6. Suppose -t*m + 16 = 5*c - c, 5 = m. Let w(z) be the third derivative of -z**4/24 + z**3/6 + z**2. Give w(c).
2
Let i(h) = h**3 - 9*h**2 + 9*h - 4. Suppose 5 = y, 2*f + 0*y + y = 21. Determine i(f).
4
Let o(v) = -v**3 + 6*v**2 - 5*v - 3. Let n(h) = h**3 - 3*h**2 + h + 2. Let x(u) = u + 7. Let d be x(-6). Suppose -d = 4*q - 13. Let y be n(q). What is o(y)?
-3
Let w be (-2)/6*-8*-3. Let a = -5 - w. Let p(c) = 1 + c**2 - 5*c**2 + a*c**2 + c. Determine p(1).
1
Let f(d) = -d**3 + 8*d**2 - 9*d + 1. Suppose 5*x = 13*x - 56. What is f(x)?
-13
Let d be -4 + 2/4*8. Let p(r) = -r + 9. Determine p(d).
9
Let v = -10 - -14. Suppose -3 = -3*j + 6, v*u = -4*j - 8. Let c(g) = g + 5. Calculate c(u).
0
Let q(n) = n + 2. Let g be q(3). Let l(p) = -p**3 + 4*p**2 + 7*p - 2. What is l(g)?
8
Let l(g) = -g**3 + 5*g**2 - 7*g + 4. Suppose o + 4 = 8. Calculate l(o).
-8
Let c = 7 + -3. Let f(k) = 7*k + 0 - 8 + 3*k**2 - 4*k**2 + c. Determine f(4).
8
Let x(y) be the second derivative of -y**3/6 - 3*y**2/2 + y. Let t be x(-5). Let r(i) = -7*i + 3. Give r(t).
-11
Let j(y) = y**2 + 8*y - 14. Let k be j(-10). Let n(l) be the third derivative of -l**6/120 + 7*l**5/60 - 7*l**4/24 + l**3/2 - l**2. What is n(k)?
-3
Let j be (6/(-15))/(2/(-30)). Let f(k) = -k + 5. Let h be f(j). Let m(i) = 2*i + 1. Let l be m(h). Let r(b) = b**3. Give r(l).
-1
Let r(q) = 11*q + 1. Let c(x) = -2*x**2 - 5*x + 2. Let b(l) = -2*l**2 + 6 - 3 - 7*l - l**2 - 2*l. Let f(j) = 3*b(j) - 5*c(j). Let n be f(2). Give r(n).
-10
Let m = 11 + -9. Let v(z) = -m + z - 2 + 4. Let r(o) = -o + 2. Let p be r(2). Calculate v(p).
0
Let v = 8 - 3. Let x(a) = -v + 4*a + 3*a**2 - a**2 - a**2. What is x(-6)?
7
Let z be 18/8 + (-1)/4. Suppose 0 = -z*q - 2 + 8. Let s = -2 - q. Let p(y) = 2*y + 2. Determine p(s).
-8
Let w(q) = 2*q - 3. Let u